hat is the ten millions digit of 1329396449?
2
What is the hundred millions digit of 1187945570?
1
What is the millions digit of 82570388?
2
What is the millions digit of 3407323?
3
What is the ten thousands digit of 59333133?
3
What is the hundred millions digit of 109736341?
1
What is the thousands digit of 101232925?
2
What is the thousands digit of 115691206?
1
What is the ten millions digit of 175866795?
7
What is the ten millions digit of 18897860?
1
What is the tens digit of 34624534?
3
What is the units digit of 164826384?
4
What is the tens digit of 367861229?
2
What is the millions digit of 8759800?
8
What is the billions digit of 1210470630?
1
What is the tens digit of 47139443?
4
What is the ten millions digit of 131986906?
3
What is the ten thousands digit of 27583287?
8
What is the millions digit of 1192845497?
2
What is the ten thousands digit of 701432484?
3
What is the units digit of 44354728?
8
What is the units digit of 425500532?
2
What is the millions digit of 792829783?
2
What is the tens digit of 40785241?
4
What is the hundreds digit of 86878102?
1
What is the hundred millions digit of 618418853?
6
What is the hundreds digit of 1976250278?
2
What is the hundred thousands digit of 2043355232?
3
What is the hundred thousands digit of 1082680878?
6
What is the hundred millions digit of 1020047403?
0
What is the millions digit of 5550704?
5
What is the thousands digit of 1199551?
9
What is the ten millions digit of 1139214858?
3
What is the millions digit of 5026305069?
6
What is the ten millions digit of 13833137?
1
What is the tens digit of 3468991?
9
What is the millions digit of 197059247?
7
What is the hundreds digit of 516766137?
1
What is the units digit of 898138980?
0
What is the billions digit of 1606581159?
1
What is the tens digit of 19914534?
3
What is the billions digit of 1311757632?
1
What is the thousands digit of 94364746?
4
What is the hundred millions digit of 288789502?
2
What is the units digit of 3268273004?
4
What is the ten millions digit of 2562398922?
6
What is the ten thousands digit of 251619089?
1
What is the tens digit of 722264800?
0
What is the units digit of 1837126374?
4
What is the thousands digit of 314520388?
0
What is the tens digit of 58606187?
8
What is the hundreds digit of 330577866?
8
What is the ten millions digit of 141907108?
4
What is the ten millions digit of 691529662?
9
What is the tens digit of 20688085?
8
What is the ten thousands digit of 1267863130?
6
What is the ten millions digit of 784167928?
8
What is the millions digit of 999728378?
9
What is the millions digit of 4747977?
4
What is the millions digit of 8208922706?
8
What is the millions digit of 226407133?
6
What is the billions digit of 1461962282?
1
What is the ten millions digit of 305616845?
0
What is the ten thousands digit of 50328878?
2
What is the tens digit of 50689090?
9
What is the units digit of 2468309329?
9
What is the ten thousands digit of 514458197?
5
What is the tens digit of 564703962?
6
What is the millions digit of 43821395?
3
What is the ten thousands digit of 1343718778?
1
What is the hundred thousands digit of 18344144?
3
What is the hundred thousands digit of 353983654?
9
What is the ten thousands digit of 1101541265?
4
What is the millions digit of 2870482296?
0
What is the thousands digit of 25851602?
1
What is the thousands digit of 1197306364?
6
What is the units digit of 4763675837?
7
What is the units digit of 1450352422?
2
What is the ten thousands digit of 368955833?
5
What is the millions digit of 49836075?
9
What is the ten millions digit of 4678777387?
7
What is the ten thousands digit of 2259613368?
1
What is the hundred millions digit of 5466349235?
4
What is the tens digit of 5484112?
1
What is the ten millions digit of 579391887?
7
What is the millions digit of 394020952?
4
What is the thousands digit of 10596478?
6
What is the ten millions digit of 103685211?
0
What is the units digit of 52105156?
6
What is the thousands digit of 57769873?
9
What is the hundred thousands digit of 593354465?
3
What is the hundreds digit of 12203469?
4
What is the thousands digit of 228011892?
1
What is the thousands digit of 82803607?
3
What is the millions digit of 3085238575?
5
What is the hundred millions digit of 722447619?
7
What is the thousands digit of 72998179?
8
What is the hundreds digit of 28133726?
7
What is the hundred millions digit of 1166032860?
1
What is the units digit of 41447514?
4
What is the thousands digit of 35300748?
0
What is the hundred millions digit of 132847544?
1
What is the thousands digit of 181789494?
9
What is the ten millions digit of 10927700?
1
What is the units digit of 3913240615?
5
What is the billions digit of 5706055797?
5
What is the hundred thousands digit of 977567866?
5
What is the thousands digit of 7976619?
6
What is the units digit of 53148898?
8
What is the thousands digit of 92505392?
5
What is the hundred thousands digit of 49246374?
2
What is the units digit of 2103494884?
4
What is the thousands digit of 590766053?
6
What is the tens digit of 301415694?
9
What is the hundreds digit of 195981654?
6
What is the thousands digit of 21374640?
4
What is the ten thousands digit of 3294405455?
0
What is the hundred millions digit of 1527340207?
5
What is the hundred thousands digit of 65171273?
1
What is the units digit of 51040945?
5
What is the millions digit of 918131173?
8
What is the thousands digit of 62184526?
4
What is the thousands digit of 2211299?
1
What is the ten millions digit of 794813988?
9
What is the ten millions digit of 871539715?
7
What is the billions digit of 4987309050?
4
What is the hundreds digit of 43114916?
9
What is the thousands digit of 70107035?
7
What is the hundred thousands digit of 325419702?
4
What is the thousands digit of 88335695?
5
What is the hundreds digit of 279445197?
1
What is the units digit of 4276327090?
0
What is the billions digit of 2516310328?
2
What is the hundred thousands digit of 1385003942?
0
What is the ten millions digit of 14658367?
1
What is the thousands digit of 179993390?
3
What is the billions digit of 2890273285?
2
What is the billions digit of 2620657247?
2
What is the millions digit of 53578238?
3
What is the ten thousands digit of 29211407?
1
What is the units digit of 42336329?
9
What is the units digit of 75309075?
5
What is the millions digit of 48517010?
8
What is the billions digit of 4878040180?
4
What is the ten millions digit of 175831508?
7
What is the hundred millions digit of 1637383944?
6
What is the ten thousands digit of 1589178346?
7
What is the units digit of 232060715?
5
What is the tens digit of 2137602357?
5
What is the hundreds digit of 234022710?
7
What is the hundreds digit of 666729417?
4
What is the thousands digit of 8488189?
8
What is the millions digit of 176375218?
6
What is the ten thousands digit of 332219935?
1
What is the thousands digit of 200266204?
6
What is the hundred thousands digit of 264443200?
4
What is the tens digit of 1003301512?
1
What is the hundred thousands digit of 1528744815?
7
What is the hundreds digit of 46975941?
9
What is the hundreds digit of 745400261?
2
What is the hundred thousands digit of 526376021?
3
What is the hundreds digit of 101047604?
6
What is the hundreds digit of 11177580?
5
What is the hundred thousands digit of 22293820?
2
What is the ten thousands digit of 45382319?
8
What is the ten thousands digit of 341327009?
2
What is the hundred thousands digit of 348415728?
4
What is the millions digit of 49231176?
9
What is the ten millions digit of 477212263?
7
What is the units digit of 193003970?
0
What is the ten millions digit of 15502513?
1
What is the thousands digit of 227587975?
7
What is the thousands digit of 245905824?
5
What is the billions digit of 3651602697?
3
What is the thousands digit of 138084020?
4
What is the tens digit of 48974238?
3
What is the ten thousands digit of 5316868955?
6
What is the millions digit of 31011022?
1
What is the thousands digit of 165170061?
0
What is the millions digit of 6598295?
6
What is the ten millions digit of 194717424?
9
What is the hundred thousands digit of 43980957?
9
What is the ten thousands digit of 200734549?
3
What is the tens digit of 15985038